-c = -4*y - 16, -u*y + 0*c + 4 = 4*c. What is o(y)?
3
Let t(v) be the first derivative of -v**4/4 + 2*v**3 - 3*v**2/2 - 3*v - 2. Let f be 22 - (2805/5)/33. What is t(f)?
7
Let w(s) = -s + 7. Let t be w(1). Let f(j) = 0*j - j + t*j - 3*j - 1. Suppose 4 = -3*p - 5. Determine f(p).
-7
Suppose 0 = -24*b - 18*b + 1386. Let g(i) = 54*i + 1 - i**2 - b*i - 16. Calculate g(20).
5
Let n(j) = -4*j - 21. Let d(q) = -7*q - 42. Let z(c) = -3*d(c) + 5*n(c). Let s be ((-4)/(-16) - 6/24)/3. Give z(s).
21
Let c be ((-15)/35)/(1/(-7)). Let u(j) be the first derivative of 1/3*j**3 + 2*j - j**2 - 14. Calculate u(c).
5
Let y(l) be the first derivative of l**4/4 + 3*l**3 - 35*l**2/2 + 3*l + 10313. Determine y(-12).
-9
Let z(o) be the second derivative of o**5/20 + o**4/4 + o**3/3 - o**2 - 24*o. Let x be 26/91 + 132/(-21) + 4. Determine z(x).
-2
Suppose -1 - 27 = 14*m. Let p(g) = 46*g - 2 + 1 + 3 + 2 + 16*g**2. Let f(w) = -3*w**2 - 9*w - 1. Let k(c) = m*p(c) - 11*f(c). What is k(-6)?
-3
Suppose -4*f = -r + 2, f - 6*f = -2*r + 1. Let w be (r/((-4)/5))/((-1)/2). Let h(q) = -q - 2. Give h(w).
3
Let m(w) = -3*w**2 - 12*w + 12. Let h(t) = -t**2 - 7*t + 6. Let q be 0 + (22/(-14) - (-15)/(-35)). Let s(k) = q*m(k) + 5*h(k). Determine s(10).
-4
Let r(f) = 11*f + 5. Let l be 12/(-14 - -2)*-5. Calculate r(l).
60
Let a(l) = 4*l + 3. Let p = -684 + 1014. Suppose p = -3*k + 342. Calculate a(k).
19
Let i(x) = 4*x**3 + x**2 - 3*x + 1. Let c be 32/(-20)*(-25)/20. Suppose 10*h = 11*h - c*y - 7, -5*h + 8 = -y. What is i(h)?
3
Let t(p) be the second derivative of p**3/6 + p. Let n = 47 + -42. Suppose n*b + 48 - 18 = 0. What is t(b)?
-6
Let s = -1025 - -1026. Let n(c) be the second derivative of c**4/4 - c**2/2 - c - 26. What is n(s)?
2
Let f(a) = -18*a + 4. Suppose 2*y + 2*m - 4 = 0, -4*y + 25*m - 23*m = 22. Determine f(y).
58
Let t be (-178)/(-9) - 10/(-45). Let w = t - 17. Let h(o) = -55 - o**3 + 29 + 25 + 4*o**2 - 3*o. Determine h(w).
-1
Let t = 1279 + -1281. Let z(y) be the third derivative of 7*y**4/24 + 5*y**3/6 - 16*y**2. Give z(t).
-9
Let c(h) = -h**2 - 21*h + 129. Let q be c(-26). Let b(p) = p - 4. Let x(z) = z - 5. Let n(o) = 6*b(o) - 5*x(o). What is n(q)?
0
Let g(p) be the first derivative of -55 + 0*p + 1/2*p**2 + p**3. What is g(1)?
4
Let v(o) = 1054 + 8*o - 2127 + 1039. Give v(5).
6
Let d(w) = -180 + 8*w - 117 + 326. Determine d(-3).
5
Let p be 2/(-5)*(-26)/(-104)*20. Let k(w) = 3*w**2 - 18*w - 42. What is k(p)?
6
Let a(k) = k**2 - 54. Let y(d) = 15*d + 248. Let n be y(-17). Calculate a(n).
-5
Let b(z) = 2*z**2 - 17*z - 48. Let l = 3245 - 3234. Give b(l).
7
Let f(g) = -4*g**2 - 13*g + 3. Let k = -1549 + 1545. Determine f(k).
-9
Suppose 5*m + 19 = -2*y, 5*y - m + 4*m = -38. Let w be (-1 + y + 1)*-1. Let s(o) = -54*o + o**3 + 34*o - w*o**2 + 27*o - 4. Calculate s(6).
2
Let o(c) be the first derivative of -1 - c + 15 + 2*c**2 - 4. Let d(l) = l**2 - 6*l + 6. Let j be d(5). Give o(j).
3
Suppose c + 13 = 2*d, 3*c + 23 = -4*d + 4. Let k = c + 18. Let l(q) = k*q + 6*q - 13 - 13*q. Calculate l(10).
7
Let n = -6233 - -6231. Let v(k) = -17*k - 21. Determine v(n).
13
Let q(d) be the first derivative of -d**5/120 + 7*d**4/24 - 58*d**3/3 - 70. Let k(a) be the third derivative of q(a). What is k(0)?
7
Let c be 0*((-2)/2)/(42/21). Let m(s) = -s**2 - 2*s + 4. Let t(d) = d**2 + d - 3. Let v(w) = 2*m(w) + 3*t(w). Calculate v(c).
-1
Let y(g) be the third derivative of g**6/120 - g**5/12 + 5*g**4/24 + 4*g**3/3 + 49*g**2. Determine y(4).
12
Let n(i) = -5*i**3 - 24*i**2 - 6*i - 63. Let b(o) = -o**3 - 6*o**2 - 2*o - 15. Let c(u) = -9*b(u) + 2*n(u). Determine c(7).
2
Let q(f) = -28*f - 15. Let h(n) = 86*n + 45. Let d(t) = -4*h(t) - 13*q(t). Determine d(-3).
-45
Suppose 5*o = 12 - 2, -10 = -2*y + 2*o. Let l(h) = -26432*h + 27. Let t(g) = 11329*g - 13. Let j(c) = -3*l(c) - 7*t(c). What is j(y)?
-39
Let z(r) = -57*r + 1. Let x(y) = 226*y - 4. Let o(g) = -2*x(g) - 9*z(g). Calculate o(-2).
-123
Suppose -4*n + 4 + 4 = 0. Let z(v) = 61*v + n - 30*v - 30*v. Determine z(-7).
-5
Let p = 366 + -355. Let q(k) = -14 - 3*k - 16 - p + 43 + 6*k**2. Suppose -2*g = 4*l - 1 - 19, 0 = -5*l + 20. What is q(g)?
20
Suppose -2*v = 3*b - 5, 4*b = 34*v - 37*v + 6. Let h(u) = 6*u**2 - u - 4. Give h(v).
22
Let p be (-26)/(-26)*3*-3. Let j(a) = -5*a + 9. Let h(u) = u - 1. Let d(w) = -6*h(w) - j(w). Give d(p).
6
Let r(y) = 9*y**2 - 5*y - 8. Let n(x) = 8*x**2 - 5*x - 6. Let o(t) = 5*n(t) - 4*r(t). Give o(4).
46
Let t(q) = -7*q**2 - 2 - 128224*q + 128226*q + 4. Calculate t(2).
-22
Let m(j) = j**2 + 24*j - 83. Let t(z) = 12*z**3 - 31*z**2 + 1. Let d be t(2). Calculate m(d).
-2
Let t(b) = 5*b + 95. Suppose -63*l + 58*l - 71 = 4*p, 3*p + 61 = 4*l. Give t(p).
0
Let o(j) = j**3 + j**2 + 2*j + 1. Suppose 182 = -y + 25. Let x = -158 - y. Give o(x).
-1
Suppose f - 14 = 7. Suppose 33*y - 35*y - 11 = -5*p, 0 = 2*y + p - 7. Let d(m) = -y*m + 3*m - f + 33. Determine d(-7).
5
Let s(m) = 38*m**3 - 7*m**2 + 2*m + 7. Let a(t) = -19*t**3 + 3*t**2 - t - 3. Let d(b) = 9*a(b) + 4*s(b). Let u be ((-136)/36 + 4)/((-66)/(-297)). Give d(u).
-20
Let x(i) = i + 3. Let o be x(-11). Let d be (5 + 3)/o - (-1 + -2). Let a(j) = d*j - 4*j**3 + j**2 + 8*j - 12*j + 1. Give a(1).
-4
Let g(x) = 3*x + 6. Let h = 3269 - 3267. Calculate g(h).
12
Let g(m) be the second derivative of 3*m**5/5 + m**4/12 - m**3/6 + m**2/2 - 970*m + 30. Suppose 2*v - 1 - 7 = 0. Let d be ((-2)/(-8))/(1/v). Give g(d).
13
Let i(p) be the third derivative of p**6/60 + 37*p**5/30 - 11*p**3/6 + 2*p**2 + 27*p - 62. What is i(-37)?
-11
Let n(a) = -2*a**2 + 13*a - 38. Let t be ((-540)/(-48))/((-72)/(-32)). Calculate n(t).
-23
Let k(j) = 4*j**2 + 213*j - 1420. Let z be k(6). Let l(n) = -n**3 + 2*n - 28 + 28. Determine l(z).
-4
Let y(p) = -p**3 + 3*p**2 + 10*p + 7. Let u be y(5). Let n(i) = 6*i**3 + 7*i + 3 - 7 - 7*i**3 - u*i**2. Give n(-8).
4
Let s(o) = o**3 + 13*o**2 + 31*o - 49. Let y be s(-9). Let g(r) = -7*r**2 - 4*r - 4. Give g(y).
-100
Let m(z) = -1162*z - 2*z**3 + 3*z**3 + 2320*z - 1157*z - 1 + 4*z**2. Let x be -3*((-26)/(-6) - 3). Give m(x).
-5
Let r(p) = -17*p + 1. Suppose 0 = 14*w - 12*w + 5*s, 4*w - 5*s = 0. Suppose y - 4 = u, -3*y + 7 = -2*u - w. What is r(y)?
18
Let f(d) = 5*d - 174. Let r be (84/48)/(2/(-40)*-1). Determine f(r).
1
Let h be 1/36*624/416. Let o(v) be the third derivative of -19*v**2 - h*v**4 + 0*v + 0 + 1/6*v**3. Give o(7).
-6
Let c(k) = 4*k + 2 - 185*k**2 + 2*k**3 + 181*k**2 - 3*k**3. Let o be (-10 + 7)*4/(-3). Let u be (-22)/o - 1/(-2). Give c(u).
7
Suppose -163 = -4*z + 13. Suppose 0 = 4*u + 7*u - z. Let n(k) = -k**2 + 7*k. Give n(u).
12
Let w = -596765 + 596749. Let a(v) = -v + 26. Let x(u) = -26. Let n(f) = -2*a(f) - 3*x(f). Give n(w).
-6
Suppose 13*t = 10*t - 12. Let v(h) = 5*h**2 + 4*h + 9. Let d(y) = -2*y**2 - 2. Let b(c) = 2*d(c) + v(c). Calculate b(t).
5
Let f = 70 - 65. Let q(k) = 3*k - 5 + 70*k**2 - 39*k**2 + 2*k - 33*k**2. What is q(f)?
-30
Let o(y) = 18. Let i(d) = -5*d + 96. Let w(f) = i(f) - 6*o(f). What is w(-4)?
8
Let v = -605 + 610. Suppose f - v*a - 2 = 0, 4*f - 7*f - 6 = -3*a. Let p(m) = -3*m + 5. Determine p(f).
14
Let r(a) be the first derivative of a**4/4 + 2*a**3 - 3*a**2/2 - 8*a - 1. Let f(j) = -2*j**2 + 2*j + 4. Let z be f(0). Let t be -6*(-4 - (-20)/z). What is r(t)?
10
Let u = -3016 - -3016. Let l(g) = -g**2 - g - 69. Calculate l(u).
-69
Let c(m) = m + 10. Let w(f) be the first derivative of f**2 + 18*f - 2. Let v(r) = -7*c(r) + 4*w(r). Calculate v(-8).
-6
Let t(g) = -5*g - 16. Let u(d) = 26*d + 79. Let m(n) = -11*t(n) - 2*u(n). Let h be (-324)/126 - (1 - 3) - (-9204)/(-1092). Determine m(h).
-9
Let b(o) = -o**3 - 6*o**2 - 5*o + 6. Let v(w) = 2*w**3 + w**2 - 6*w - 5. Suppose -5*n + 3*r - 1 = 6, -2*r + 6 = -4*n. Let p be v(n). Determine b(p).
6
Let l(m) be the third derivative of m**6/120 + 3*m**5/20 + 13*m**4/24 + 437*m**2 - 1. Give l(-2).
2
Let s(i) = -i + 7*i - 4*i - 3*i + 12. Let t be s(9). Let g(h) = 23*h**3 - 5*h - 3 + 0*h - 24*h**3 - t*h**2. Give g(-3).
12
Let v(r) = -r**3 - 3*r**2 - 2*r - 15. Let u(a) = -2*a**3 - 2*a**2 - 5*a - 33. Let b(l) = 2*u(l) - 5*v(l). Give b(-10).
109
Let o(l) = -33*l**3 - l**2 - 4*l - 9. Let w be o(-2). Suppose -2*i + 267 = w. Let h(b) be the second derivative of 2*b**3/3 - 3*b**2/2 - 2*b. Determine h(i)